late the highest common divisor of 66 and y.
6
Let t be 1*(1 + -2) + -106. Let p = t - -187. Suppose 5*l = -3*d + 20 + p, 0 = 5*d - 2*l - 146. Calculate the greatest common factor of d and 20.
10
Let g = 3210 - 3201. What is the highest common divisor of g and 2304?
9
Let o(v) = -v**3 - 19*v**2 - 14*v + 39. Let g be o(-19). Calculate the greatest common divisor of 61 and g.
61
Let c be (0 - 26/(-4))/(10/180). What is the highest common divisor of c and 9?
9
Let b(l) = l**2 - 8*l + 16. Let t be b(2). Let o = 30 + 6. Calculate the greatest common factor of t and o.
4
Let m(o) = -11*o - 24. Let t be m(-8). Suppose -70 = -5*j + 5*u, 5*j + 2*u - 169 = -t. What is the greatest common divisor of j and 19?
19
Let k = 48 + -2. Let l = k - 15. Calculate the highest common factor of 248 and l.
31
Let a(s) = s + 4. Let w be a(-3). Suppose -5*b + b + 16 = 0. Suppose -b*t + 3 = j, 3*j - t = -2*t + 20. Calculate the greatest common factor of j and w.
1
Let r = 20 - 104. Let u be 2/(-12) + (-4718)/r. Let i be (-200)/(-14) + (-2)/7. What is the greatest common divisor of u and i?
14
Let g be (0 - 0)*(0 - 1). Suppose 5*w + g*w = q + 496, -4*w + q + 396 = 0. Calculate the highest common factor of w and 40.
20
Suppose -3*k + 5*r = -359, -6*r - 5 = -r. What is the highest common factor of k and 295?
59
Suppose -3*r + 23 = -r + 3*l, -5*r = 5*l - 45. Suppose m - r = 2. Calculate the greatest common divisor of 21 and m.
3
Let p = -115 - -167. Suppose -p*z + 50*z = -30. Let s(h) = -4*h + 3. Let x be s(-3). Calculate the highest common factor of z and x.
15
Let y(v) = -5*v - 27. Let u be y(-6). Let o be 16/6*(1 + 2). Let q be (-14)/(-2 + o/6). Calculate the greatest common factor of q and u.
3
Suppose 0 = 2*n - 2*o - 170, -257 = 18*n - 21*n + o. Calculate the greatest common factor of n and 946.
86
Suppose -4*m = -2*o - 0*m + 100, 3*o - m - 125 = 0. Suppose -o = -0*k - 5*k. Calculate the highest common factor of k and 64.
8
Let a(y) = -y**2 + 23*y - 26. Let u be a(17). Let g = u + -32. Calculate the greatest common divisor of 4 and g.
4
Let o(a) = -a**2 + 8*a + 31. Suppose 0 = -5*s - 21 + 66. Let l be o(s). Calculate the greatest common divisor of l and 55.
11
Suppose 4*c - 17 - 7 = -5*g, -4*c + 60 = -4*g. Let z(m) = m**2 + 2*m + 19. Let u be z(c). Suppose -u = q - 4*q. What is the highest common factor of 18 and q?
18
Suppose -t - t = -154. Let u be 1 + -2 + -1 - (-13)/1. What is the greatest common factor of t and u?
11
Suppose -6*i + 2*i - 6 = h, 3*i + 9 = 0. Suppose 3*b + 59 = -3*a + 146, -5*b = -25. Calculate the greatest common divisor of a and h.
6
Let i be (-6185)/(-95) + (-14)/133. What is the greatest common divisor of 455 and i?
65
Suppose 10 = 4*t - 3*t + 4*l, 4*t - 3*l - 116 = 0. Suppose -w - 5 = -0*w, -d = -5*w - t. What is the greatest common factor of 5 and d?
1
Let q be -4*((-3)/(-6) + -1). Suppose -2*j + 30 = -q. Suppose 5*x - 433 = -4*g, -2*g - 2*x + 132 = -86. What is the highest common divisor of g and j?
16
Let o = 157 + -154. Suppose o*z + 0*z - 2*m = 49, 4*z = m + 67. Calculate the greatest common divisor of 68 and z.
17
Let x(z) = 2*z**2 + 19*z + 46. Let d be x(-8). Calculate the greatest common divisor of 297 and d.
11
Suppose -4417 = -61*h + 5831. Calculate the greatest common divisor of 36 and h.
12
Let r(u) = -u**2 - 10*u + 12. Let m be r(-8). Let k = m - -4. Calculate the highest common factor of k and 8.
8
Suppose c + 6 = 3*c. What is the highest common divisor of c and 11?
1
Suppose 4*m = -d + 11, m = 2*d - 3*d + 17. Let h(o) = -7*o**3 + 1. Let b be h(-2). Calculate the highest common divisor of d and b.
19
Suppose 5*v = 20, 35*v = -2*o + 37*v + 468. Calculate the highest common divisor of 14 and o.
14
Suppose 0*h - 3*s + 47 = 4*h, -s = -5*h + 35. Let o be 7/35 + (-19)/(-5). What is the greatest common divisor of h and o?
4
Suppose 4*q + 0*q + 19 = 3*u, 2*u = -5*q + 5. Suppose 9*g - u*g - 136 = 0. Let h = 38 - g. What is the highest common factor of 8 and h?
4
Suppose -38*f = -2598 - 4242. What is the greatest common divisor of f and 20?
20
Let s(p) = 3*p**3 - 69*p**2 + 9*p - 5. Let g be s(24). What is the highest common factor of 7 and g?
7
Suppose 5 = -5*p, -2*t - 4*p + 134 = -0*p. Calculate the highest common factor of t and 253.
23
Let g be ((-4169)/22 + 11)*(-1 + -1). Calculate the greatest common divisor of 102 and g.
51
Let r = 341 - 214. Let m = r + -87. Calculate the greatest common factor of m and 100.
20
Let a be ((-124)/12 + 3)*3. Let l(q) = 3*q**2 - 4*q - 1. Let r be l(4). Let c = r + a. What is the greatest common factor of c and 99?
9
Suppose -54 = -525*w + 522*w. What is the highest common divisor of 36 and w?
18
Let f = -17 + 29. Suppose 4*i - 2 = 2*i. Suppose -2 - i = -w. Calculate the highest common factor of f and w.
3
Suppose 0 = 3*i + m - 33, -2*i + 4*i - 11 = 3*m. Suppose 4 = s - i. Suppose -s + 586 = 2*g. Calculate the greatest common divisor of g and 26.
26
Suppose -40 = -3*j - 7*j. Calculate the highest common factor of j and 32.
4
Suppose -136 = -2*o - 2*f, 0 = -2*o - 0*f + 2*f + 136. Suppose o = 6*b - 10. Calculate the highest common factor of 117 and b.
13
Suppose 44*i = 26*i + 144. Calculate the highest common divisor of i and 1.
1
Suppose -25*o + 1980 = 8*o. Calculate the greatest common divisor of o and 30.
30
Let z(x) = 47*x + 7. Let g be z(3). What is the greatest common divisor of 4 and g?
4
Let r(j) = j**2 + 15*j + 57. Let w be r(-9). Suppose 14 - 85 = -w*g - 5*z, 5*z + 10 = 0. Calculate the greatest common factor of 36 and g.
9
Let l = 23 + 31. Suppose -3*n + 15 = 0, -2*p + 24 - 5 = n. Let o be (p + 2)/(51/12 - 4). What is the greatest common divisor of l and o?
18
Let q be (-28)/(-5) - (-2)/5. Let r be 19/(-76) + (-49)/(-4). Calculate the highest common divisor of q and r.
6
Let h(s) = s**2 + 13*s - 42. Let u be h(-18). Calculate the highest common factor of u and 648.
24
Let g = -25 - -39. Let t = 968 + -947. Calculate the highest common divisor of t and g.
7
Suppose 0 = -2*v + 1 - 27. Let j = v - -27. Let l = j - 4. Calculate the highest common divisor of l and 5.
5
Suppose -60 = -4*q - 12. Let t be -1*(0 - 0)/(5/(-5)). Suppose -2*m = -4*f - 284, -2*m + f = -t*f - 269. What is the highest common factor of m and q?
12
Suppose 3*x + 13 = -4*q, 2*x + 3 = -3. Let w(f) = f**2 + f + 1. Let u be w(q). Calculate the highest common factor of u and 1.
1
Suppose -m - 2*m + 3*k = -117, 2*m = -4*k + 84. Calculate the highest common divisor of 30 and m.
10
Let m(s) = -3*s**3 + 58*s**2 - 13*s + 15. Let l be m(19). What is the greatest common divisor of l and 172?
43
Suppose 0 = -8*j + 9*j + 24. Let w = -6 - j. Let z = 24 + -22. What is the greatest common divisor of z and w?
2
Let x(s) = 9*s**3 + 2*s**2 + 1. Let h be x(1). Suppose 0 = r - 12 - 7. Suppose r - 1 = c. What is the highest common divisor of h and c?
6
Let u(j) = 25*j**2 - 2. Let s be u(-2). Let z = 1139 - 1111. What is the highest common factor of s and z?
14
Suppose -69 = -2*b - 29. Let v be -2 - 3/((-12)/400). Let c = -48 + v. Calculate the highest common factor of b and c.
10
Suppose b - a + 0 = 41, -3*b = -a - 119. What is the highest common divisor of b and 78?
39
Suppose -8*r + 9*r = 0. Suppose r = -2*g - g + o - 17, 5*g = -5*o - 35. Let b = 0 - g. Calculate the greatest common factor of b and 42.
6
Suppose -93*p + 437 = -23743. Calculate the highest common divisor of p and 110.
10
Suppose -2*d - 2*w = 3*d - 534, -4*d = -3*w - 441. Calculate the highest common factor of 96 and d.
12
Let k = 75 + -21. Let p be (-1215)/k*2/(-3). What is the highest common factor of p and 30?
15
Let n(h) = 2*h**2 - 49*h + 194. Let x be n(20). What is the highest common divisor of 322 and x?
14
Let k = 0 - -3. Suppose k*i + 55 = 5*s, -3*s + i = 4*i - 57. Let m = 46 + -32. Calculate the greatest common factor of m and s.
14
Let b be 6 - 4/1 - 0. Let a be (-1)/(b/(-7) - (-11)/42). What is the highest common factor of a and 14?
14
Suppose -4*j = 0, 0 = h - 6*h - 5*j + 540. Suppose 4*q - h = -4. What is the greatest common factor of q and 39?
13
Let h be -20*(-8)/(-20) + 23. Let o = 3 + -1. Suppose -3*u = v + 4*v + 2, -3*v = -o*u + 24. Calculate the highest common divisor of h and u.
3
Suppose -4*a = -2*s + 38, 1 + 20 = s - 4*a. What is the highest common factor of